 divided by 9.
6
Calculate the remainder when 5100 is divided by 29.
25
Calculate the remainder when 182 is divided by 32.
22
Calculate the remainder when 110 is divided by 19.
15
Calculate the remainder when 64 is divided by 34.
30
Calculate the remainder when 608 is divided by 154.
146
Calculate the remainder when 443 is divided by 64.
59
What is the remainder when 148 is divided by 59?
30
Calculate the remainder when 49 is divided by 15.
4
Calculate the remainder when 1069 is divided by 533.
3
Calculate the remainder when 719 is divided by 145.
139
What is the remainder when 846 is divided by 11?
10
What is the remainder when 18639 is divided by 233?
232
Calculate the remainder when 1973 is divided by 57.
35
What is the remainder when 66 is divided by 57?
9
What is the remainder when 234 is divided by 47?
46
What is the remainder when 86 is divided by 8?
6
Calculate the remainder when 139 is divided by 50.
39
What is the remainder when 9596 is divided by 29?
26
Calculate the remainder when 400 is divided by 155.
90
What is the remainder when 212 is divided by 47?
24
What is the remainder when 223 is divided by 45?
43
What is the remainder when 3275 is divided by 1081?
32
Calculate the remainder when 29 is divided by 18.
11
What is the remainder when 1290 is divided by 370?
180
Calculate the remainder when 6068 is divided by 33.
29
Calculate the remainder when 45 is divided by 23.
22
Calculate the remainder when 603 is divided by 59.
13
What is the remainder when 6911 is divided by 144?
143
What is the remainder when 1154 is divided by 499?
156
Calculate the remainder when 91 is divided by 33.
25
What is the remainder when 68 is divided by 38?
30
What is the remainder when 1747 is divided by 8?
3
What is the remainder when 373 is divided by 65?
48
Calculate the remainder when 559 is divided by 80.
79
What is the remainder when 502 is divided by 246?
10
What is the remainder when 196 is divided by 33?
31
What is the remainder when 126 is divided by 61?
4
Calculate the remainder when 64 is divided by 47.
17
What is the remainder when 420 is divided by 129?
33
What is the remainder when 11 is divided by 3?
2
What is the remainder when 59 is divided by 22?
15
What is the remainder when 1783 is divided by 223?
222
What is the remainder when 658 is divided by 66?
64
Calculate the remainder when 1050 is divided by 91.
49
Calculate the remainder when 491 is divided by 78.
23
What is the remainder when 26 is divided by 10?
6
Calculate the remainder when 356 is divided by 346.
10
Calculate the remainder when 292 is divided by 94.
10
What is the remainder when 467 is divided by 24?
11
What is the remainder when 550 is divided by 28?
18
What is the remainder when 2211 is divided by 79?
78
What is the remainder when 133 is divided by 28?
21
Calculate the remainder when 525 is divided by 121.
41
Calculate the remainder when 104 is divided by 43.
18
What is the remainder when 302 is divided by 157?
145
What is the remainder when 98 is divided by 49?
0
What is the remainder when 115 is divided by 10?
5
Calculate the remainder when 119 is divided by 12.
11
What is the remainder when 917 is divided by 18?
17
Calculate the remainder when 39987 is divided by 29.
25
Calculate the remainder when 734 is divided by 17.
3
Calculate the remainder when 428 is divided by 123.
59
Calculate the remainder when 570 is divided by 160.
90
Calculate the remainder when 4733 is divided by 16.
13
What is the remainder when 3280 is divided by 102?
16
Calculate the remainder when 904 is divided by 862.
42
Calculate the remainder when 808 is divided by 30.
28
Calculate the remainder when 212 is divided by 65.
17
Calculate the remainder when 380 is divided by 73.
15
What is the remainder when 1385 is divided by 34?
25
What is the remainder when 125 is divided by 9?
8
What is the remainder when 2277 is divided by 10?
7
Calculate the remainder when 1594 is divided by 57.
55
Calculate the remainder when 11915 is divided by 59.
56
What is the remainder when 263 is divided by 95?
73
Calculate the remainder when 75 is divided by 32.
11
What is the remainder when 41 is divided by 14?
13
What is the remainder when 1688 is divided by 78?
50
What is the remainder when 23229 is divided by 115?
114
Calculate the remainder when 271 is divided by 119.
33
Calculate the remainder when 765 is divided by 230.
75
What is the remainder when 167 is divided by 94?
73
Calculate the remainder when 11571 is divided by 44.
43
What is the remainder when 693 is divided by 47?
35
Calculate the remainder when 825 is divided by 105.
90
Calculate the remainder when 1296 is divided by 641.
14
What is the remainder when 1172 is divided by 6?
2
What is the remainder when 234 is divided by 55?
14
Calculate the remainder when 47 is divided by 40.
7
Calculate the remainder when 21710 is divided by 368.
366
Calculate the remainder when 20 is divided by 3.
2
What is the remainder when 130 is divided by 35?
25
What is the remainder when 791 is divided by 394?
3
What is the remainder when 1072 is divided by 72?
64
What is the remainder when 1582 is divided by 44?
42
Calculate the remainder when 869 is divided by 29.
28
What is the remainder when 740 is divided by 9?
2
What is the remainder when 211 is divided by 49?
15
What is the remainder when 768 is divided by 9?
3
Calculate the remainder when 776 is divided by 28.
20
Calculate the remainder when 347 is divided by 29.
28
Calculate the remainder when 1916 is divided by 134.
40
Calculate the remainder when 784 is divided by 6.
4
What is the remainder when 153 is divided by 150?
3
What is the remainder when 88 is divided by 23?
19
Calculate the remainder when 21 is divided by 8.
5
Calculate the remainder when 851 is divided by 61.
58
What is the remainder when 305 is divided by 298?
7
What is the remainder when 1364 is divided by 51?
38
Calculate the remainder when 164 is divided by 28.
24
What is the remainder when 236 is divided by 20?
16
What is the remainder when 2990 is divided by 73?
70
Calculate the remainder when 281 is divided by 93.
2
What is the remainder when 2011 is divided by 38?
35
Calculate the remainder when 1151 is divided by 18.
17
Calculate the remainder when 243 is divided by 50.
43
What is the remainder when 48436 is divided by 69?
67
What is the remainder when 1065 is divided by 489?
87
What is the remainder when 5447 is divided by 388?
15
Calculate the remainder when 249 is divided by 77.
18
What is the remainder when 1531 is divided by 70?
61
What is the remainder when 7408 is divided by 463?
0
Calculate the remainder when 34 is divided by 18.
16
Calculate the remainder when 347 is divided by 4.
3
What is the remainder when 325 is divided by 53?
7
What is the remainder when 176 is divided by 23?
15
Calculate the remainder when 15662 is divided by 14.
10
Calculate the remainder when 570 is divided by 86.
54
Calculate the remainder when 883 is divided by 162.
73
What is the remainder when 46 is divided by 22?
2
Calculate the remainder when 4318 is divided by 60.
58
What is the remainder when 796 is divided by 102?
82
Calculate the remainder when 108 is divided by 6.
0
Calculate the remainder when 465 is divided by 150.
15
Calculate the remainder when 5010 is divided by 85.
80
Calculate the remainder when 282 is divided by 268.
14
What is the remainder when 834 is divided by 103?
10
Calculate the remainder when 1145 is divided by 16.
9
What is the remainder when 83 is divided by 28?
27
Calculate the remainder when 73 is divided by 25.
23
Calculate the remainder when 400 is divided by 52.
36
Calculate the remainder when 314 is divided by 42.
20
What is the remainder when 1000 is divided by 169?
155
Calculate the remainder when 88 is divided by 55.
33
Calculate the remainder when 481 is divided by 35.
26
Calculate the remainder when 1328 is divided by 112.
96
What is the remainder when 2367 is divided by 37?
36
What is the remainder when 1756 is divided by 176?
172
What is the remainder when 227 is divided by 23?
20
What is the remainder when 177 is divided by 165?
12
What is the remainder when 1228 is divided by 56?
52
Calculate the remainder when 3386 is divided by 67.
36
Calculate the remainder when 914 is divided by 302.
8
What is the remainder 